*3 + 24*i**2 + 57*i - 159. Calculate j(3).
-15
Let z(f) = -4298*f + 2037256. What is z(474)?
4
Let f(i) = i**3 + 21*i**2 + 51*i - 255. What is f(-18)?
-201
Let y(w) = w**3 - 291*w**2 - 285*w - 2032. Give y(292).
12
Let z(p) = 2*p**3 - 290*p**2 - 904*p - 67. Calculate z(-3).
-19
Let z(b) = 550*b + 11752. Calculate z(-20).
752
Let j(l) = 59*l**2 + 14039*l - 780. Calculate j(-238).
-66
Let m(d) = -d**3 - 2*d**2 + 10*d - 355. Calculate m(-12).
965
Let w(r) = -755*r + 60411. Determine w(80).
11
Let w(i) = 2165*i + 19321. Calculate w(-9).
-164
Let f(z) = -z**3 + 2*z**2 - 5546*z - 16678. Determine f(-3).
5
Let h(j) = j**2 + 37*j - 134. Determine h(20).
1006
Let x(d) = -2*d**3 - 5*d**2 - 6*d - 142. Calculate x(-5).
13
Let z(b) = -33*b**2 + 1561*b - 5725. Give z(4).
-9
Let b(x) = -40*x**2 + 1710*x - 98. Determine b(43).
-528
Let w(g) = -5687*g - 2024564. What is w(-356)?
8
Let l(d) = 409*d + 117335. Determine l(-287).
-48
Let f(q) = 12*q**3 - 99*q**2 - 7*q - 106. Determine f(9).
560
Let a(r) = -3*r**3 - 956*r**2 - 56160*r - 1682. What is a(-241)?
5
Let a(u) = -58133*u + 116263. What is a(2)?
-3
Let r(x) = -1092*x**2 + 121214*x - 234. Determine r(111).
-12
Let o(z) = -192389*z + 769550. Give o(4).
-6
Let c(f) = 4*f**3 - 25*f**2 - 120*f + 654. Calculate c(5).
-71
Let a(i) = -i**3 - 119*i**2 - 3533*i - 8839. What is a(-71)?
36
Let p(d) = -d**3 - 152*d**2 - 374*d - 11096. What is p(-150)?
4
Let w(h) = 13741*h - 301090. Calculate w(22).
1212
Let r(u) = -2*u**3 + 1463*u**2 + 3675*u - 3676. What is r(734)?
-6
Let d(r) = 5*r**3 - 272*r**2 - 1037*r - 396. What is d(58)?
10
Let r(i) = -429*i + 32. Give r(1).
-397
Let k(y) = 5*y**2 + 3676*y + 113182. Calculate k(-703).
-1
Let w(c) = 5860*c - 24500. Determine w(4).
-1060
Let b(v) = -369*v**2 - 175*v - 176. Calculate b(-1).
-370
Let r(p) = p**3 - 99*p**2 - 402*p - 36043. Give r(106).
-3
Let v(c) = c**3 + 96*c**2 + 119*c + 2193. What is v(-95)?
-87
Let j(a) = 1716*a - 3092. Give j(3).
2056
Let y(m) = -m**3 + 71*m**2 - 192*m - 769. What is y(68)?
47
Let a(h) = -h**3 + 2993*h**2 - 29843*h + 126. What is a(10)?
-4
Let j(a) = 235*a + 1615. Determine j(0).
1615
Let x(d) = -2*d**2 - 15*d + 62018. Give x(-179).
621
Let l(x) = -13524*x + 1555320. What is l(115)?
60
Let i(y) = -5224*y - 176822. What is i(-34)?
794
Let u(c) = c**3 - 104*c**2 - 550*c + 707. Calculate u(109).
162
Let m(t) = 856*t - 107382. Give m(126).
474
Let z(i) = -404*i - 48482. Give z(-120).
-2
Let g(y) = 15*y**2 - 262*y + 247. Determine g(1).
0
Let t(z) = 5*z**2 - 10*z - 358. Calculate t(-9).
137
Let h(z) = z**3 + 203*z**2 + 1054*z - 695. What is h(-6)?
73
Let f(k) = 2*k**2 + 2247*k + 31061. Give f(-14).
-5
Let j(g) = 5*g**2 - 644*g - 6097. What is j(-9)?
104
Let q(s) = -8128*s - 487695. Give q(-60).
-15
Let r(q) = 15*q**2 + 1475*q + 4777. Calculate r(-95).
27
Let a(d) = 815*d - 7769. What is a(11)?
1196
Let r(b) = -449*b + 9995. Determine r(23).
-332
Let n(c) = 28147*c + 55160. Give n(-2).
-1134
Let f(n) = -n**3 + 182*n**2 + 3165*n + 497. What is f(198)?
-97
Let x(y) = -y**3 - 42*y**2 + 57*y - 170. Give x(-43).
-772
Let d(w) = 5928*w - 959853. Determine d(162).
483
Let p(r) = -1175*r + 13169. Calculate p(11).
244
Let o(q) = -26570*q - 11531388. What is o(-434)?
-8
Let r(k) = -2004*k - 90160. What is r(-45)?
20
Let u(s) = 765*s - 35186. Calculate u(46).
4
Let q(r) = -23979*r + 9735469. What is q(406)?
-5
Let h(f) = 159*f + 4845. Determine h(-31).
-84
Let f(u) = 174*u**2 + 850*u - 65. Give f(-5).
35
Let w(t) = 943*t + 37436. Determine w(-40).
-284
Let c(g) = -g**3 + 181*g**2 - 8151*g + 54. Determine c(81).
-4077
Let h(o) = -89*o**2 + 440*o + 44. Give h(5).
19
Let p(i) = -2478*i + 21497. Determine p(9).
-805
Let m(n) = -8263*n - 211. Determine m(0).
-211
Let p(z) = -540*z**2 + 4809*z + 446. What is p(9)?
-13
Let o(z) = -91801*z - 459005. Give o(-5).
0
Let p(x) = 1144426*x - 10299833. Determine p(9).
1
Let p(n) = -25*n**3 + 53*n**2 + 21*n - 32. What is p(-1)?
25
Let f(y) = 647*y**2 - 29112*y - 50. Give f(45).
85
Let d(h) = -58*h + 174. Determine d(6).
-174
Let t(h) = 30120*h - 361439. Determine t(12).
1
Let i(p) = -3*p**2 - 249*p - 848. Give i(-79).
100
Let w(a) = -18*a**3 - 112*a**2 - 22*a - 1. Give w(-7).
839
Let w(r) = -3*r**2 - 81*r + 95. Determine w(-36).
-877
Let t(p) = 1137*p + 7889. Give t(-7).
-70
Let p(x) = 24*x - 540. Calculate p(22).
-12
Let b(o) = 456*o + 86114. Determine b(-189).
-70
Let d(c) = 2*c + 53. Determine d(29).
111
Let v(l) = 6716*l - 268634. Give v(40).
6
Let z(b) = b**3 - 24*b**2 + 57*b - 157. Calculate z(22).
129
Let b(c) = c**3 + 44*c**2 - 140*c + 38949. What is b(-58)?
-27
Let r(o) = 16*o**2 + 4971*o + 8358. Give r(-309).
15
Let i(s) = -23*s**2 - 2741*s - 1405. Calculate i(-119).
-929
Let i(x) = x**3 - 324*x**2 - 776*x + 40414. Calculate i(326).
-10
Let v(q) = -q**3 - 65*q**2 + 379*q - 3081. Calculate v(-71).
256
Let y(p) = -1484*p + 649991. Calculate y(438).
-1
Let d(f) = 65560*f - 590038. What is d(9)?
2
Let m(o) = 3*o**3 - 18*o**2 - 193*o + 685. What is m(3)?
25
Let z(p) = 6874*p**2 - 735513*p - 528. Give z(107).
7
Let j(p) = -p**3 - 295*p**2 + 2143*p + 12. What is j(7)?
215
Let x(p) = 13*p**3 + 370*p**2 + 158*p - 493. Give x(-28).
-213
Let c(l) = 1682*l + 316216. Determine c(-188).
0
Let x(r) = 1552907*r - 7764531. Give x(5).
4
Let u(l) = -2*l**2 - 646*l - 24533. Determine u(-44).
19
Let i(q) = 52079*q + 364629. Give i(-7).
76
Let w(d) = -4*d**3 - 488*d**2 - 3623*d - 178. What is w(-114)?
-3028
Let a(o) = -797695*o + 3190909. What is a(4)?
129
Let o(j) = -128*j**2 - 10297*j - 4692. Determine o(-80).
-132
Let o(s) = 22*s**3 - 7*s**2 + 17*s + 27. What is o(-2)?
-211
Let v(b) = -3*b**3 - 310*b**2 + 229*b + 2181. What is v(-104)?
-3
Let n(r) = r**3 + 373*r**2 + 2571*r + 3353. Give n(-366).
59
Let a(w) = -w**3 - 288*w**2 - 902*w - 13430. Determine a(-285).
-35
Let q(z) = 3*z**2 - 44*z + 143. Determine q(12).
47
Let g(i) = 6*i**2 + 2647*i + 266259. Calculate g(-286).
-7
Let k(o) = o**2 + 1451*o - 33943. What is k(23)?
-41
Let v(q) = 41*q - 3106. Give v(44).
-1302
Let y(f) = f**3 + 82*f**2 - 840*f - 7777. Determine y(-6).
-1
Let l(w) = -8677*w + 182339. Calculate l(21).
122
Let z(x) = -36*x**2 - 12699*x + 15945. What is z(-354)?
15
Let s(m) = -22771*m - 3848291. Determine s(-169).
8
Let g(w) = w**3 + 48*w**2 + 286*w + 201. What is g(-6)?
-3
Let w(b) = 18*b + 2665. What is w(-122)?
469
Let p(w) = -4098*w + 127562. What is p(31)?
524
Let j(y) = 4*y**2 + 71*y - 944. Determine j(-30).
526
Let l(h) = 1384*h + 3948. Determine l(-3).
-204
Let k(h) = -h**2 + 200485*h - 801926. Give k(4).
-2
Let u(y) = 2*y**2 - 3138*y - 31415. Determine u(-10).
165
Let p(j) = -28*j**3 - 305*j**2 + 302*j + 2976. Calculate p(-11).
17
Let n(r) = 71135*r + 71127. Calculate n(-1).
-8
Let g(b) = b**3 - 20*b**2 + 202*b - 1747. Determine g(17).
820
Let l(q) = -45*q - 1475. Calculate l(-29).
-170
Let k(r) = 8*r**3 - 546*r**2 + 172*r + 196. Give k(68).
2644
Let z(y) = -y**2 - 1382*y + 9688. Determine z(7).
-35
Let p(i) = -13*i**3 - 108*i**2 - 135*i - 105. Calculate p(-7).
7
Let d(h) = 399*h + 20714. What is d(-51)?
365
Let x(d) = 2*d**3 - 162*d**2 - 310*d - 1533. Give x(83).
293
Let g(n) = 3452*n + 417701. Calculate g(-121).
9
Let f(y) = -10*y**2 + 2694*y - 23462. Determine f(9).
-26
Let d(m) = 10*m**2 - 38*m - 132. What is d(-4)?
180
Let o(l) = l**3 - 172*l**2 + 810*l - 24269. Give o(168).
-1085
Let n(z) = z**3 - 170*z**2 + 2463*z - 109. Calculate n(154).
-263
Let w(c) = 1842*c - 16802. Determine w(9).
-224
Let a(o) = o**3 - 135*o**2 - 149*o + 1892. Calculate a(136).
124
Let y(w) = 23022*w - 4. Determine y(0).
-4
Let j(s) = -33*s**2 + 16*s + 431. Calculate j(4).
-33
Let p(a) = -26523*a - 79531. Calculate p(-3).
38
Let a(f) = -f**3 + 280*f**2 - 230*f - 17314. Determine a(279).
-3643
Let c(v) = -v**3 + 46*v**2 - 100*v + 597. Give c(44).
69
Let a(x) = -2154*x + 86149. What is a(40)?
-11
Let l(q) = 9*q**2 + 884*q + 443. What is l(-99)?
1136
Let y(v) = -v**3 + 23*v**2 + 71*v - 1779. What is y(21)?
594
Let q(w) = -498*w**2 - 974*w + 38. Calculate q(-2).
-6
Let k(t) = 1950*t + 13744. Determine k(-7).
94
Let o(u) = -u**3 - 148*u**2 - 5477*u - 10255. Give o(-85).
115
Let p(k) = -443220*k - 1329671. Determine p(-3).
-11
Let f(j) = 15*j**2 + 2506*j + 14491. Calculate f(-6)